t g(c) = c**2 - 10*c - 7. Let j be g(n). Let o(b) = -4*b + 10. Calculate the remainder when o(j) is divided by 20.
18
What is the remainder when 45 is divided by (20/(-25))/(-1 + 99/105)?
3
Let o = -26 - -11. Calculate the remainder when 19 is divided by (10/(-3))/(5/o).
9
Let u(b) = 3*b**2 - 7*b + 11. What is the remainder when u(5) is divided by 18?
15
Suppose -j = 5*m + 12, -j + 8 = -2*m - 3*j. Let f(r) = 5*r**2 + 2*r. Let a(w) = w**2 - 4*w + 2. Calculate the remainder when a(-5) is divided by f(m).
15
Let f be 1*(-1 - (0 + 0)). Let a(m) = 12*m**2 + m + 1. Let v(b) = -b**3 + 5*b**2 + 7*b + 1. Calculate the remainder when a(f) is divided by v(6).
5
Suppose -4*p = -p. Calculate the remainder when 53 is divided by 12 + p - 2*-1.
11
What is the remainder when 63 is divided by 13 + (-2 - 1) - -3?
11
Suppose 7 - 2 = y. What is the remainder when (-1)/3 + (-110)/(-6) is divided by y?
3
Let j = -2 + 7. What is the remainder when j is divided by 3?
2
Let v = 44 + -7. Let y(u) = -u**2 + 72. What is the remainder when y(0) is divided by v?
35
Suppose 2*j + 4*z + 4 = 0, -2*j - 12 = -6*j + 2*z. Suppose -t - 48 = -j*t. Suppose 0 = -4*x + 24 + t. Calculate the remainder when 53 is divided by x.
17
Suppose 2*r - 3 = 5*l - 6, 3*r + l = 38. What is the remainder when 41 is divided by r?
8
Let r(v) = 7*v**2 - 2*v - 4. Let f(u) = 8*u**2 - 3*u - 5. Let c(q) = -4*f(q) + 5*r(q). Calculate the remainder when 46 is divided by c(2).
14
Let x(z) = 24*z + 3. Let k be x(6). Suppose -k = -3*f - 0*f. Let w = 0 + 17. What is the remainder when f is divided by w?
15
Suppose -4*a + 96 + 20 = 0. Calculate the remainder when a is divided by 8.
5
Let w = 26 + -14. Calculate the remainder when 35 is divided by w.
11
Let p(c) = c**3 - 9*c**2 + 8*c + 2. Let z be p(8). Suppose 117 = z*m - 55. Calculate the remainder when m is divided by 29.
28
Suppose -73 = -2*v - 29. What is the remainder when 65 is divided by v?
21
Let r(d) = -d - 3. Suppose -5*f = -4*f + 5. Let k = -8 - -13. Calculate the remainder when k is divided by r(f).
1
Let z(u) = -u**2 - 5 - 6 + u + 1 + 8*u. Calculate the remainder when 11 is divided by z(7).
3
Let f(v) = -v**2 + 8*v - 11. Calculate the remainder when f(4) is divided by 2.
1
Suppose 0 = -0*j + 3*j - 111. What is the remainder when j is divided by 13?
11
Suppose 5*g + 3*h = -0*g + 155, -4*h = 4*g - 116. Let b = 2 + -1. What is the remainder when g is divided by ((-1)/1 + 13)*b?
10
Let g = 18 + -6. Suppose o = -2 + 6. Let w(p) = -p**2 + 6*p - 1. What is the remainder when g is divided by w(o)?
5
Suppose 96 = 2*o - 60. Calculate the remainder when o is divided by 27.
24
Let w = 10 - 7. Suppose r = -w + 5. Suppose -3*k + r*s = -4*k, 4*k - 4*s = 36. What is the remainder when 11 is divided by k?
5
Let z = -27 - -179. Let s = -67 + z. Calculate the remainder when s/3 + (-4)/(-6) is divided by 15.
14
Let u = -23 - -59. Suppose -5*v = -2*i + 3 - 15, -i - 7 = -3*v. Suppose 0 = -v*j + d + 34, -d + 5 = 1. Calculate the remainder when u is divided by j.
17
Let x(y) = y**3 + 11*y**2 + 14*y - 3. Let h be x(-10). Let v = h - -4. Let p = v - -65. What is the remainder when p is divided by 9?
8
Let p be ((-5)/5)/(1/(-7)). Suppose -p*a + 265 = -2*a. Suppose 3*d - 128 + a = 0. What is the remainder when d is divided by 13?
12
Let w(d) = d + 1. Let k be w(-7). Let h(m) = m**2 + 3*m - 8. Suppose 0 = -g + 3*o, -2*o = o - 6. What is the remainder when h(k) is divided by g?
4
Let p be (-1)/3*0 + 9. Let d = p + -1. What is the remainder when d is divided by 3?
2
Let d = -23 - -33. Let c(q) = -q**3 + 7*q**2 - 2*q - 2. What is the remainder when c(3) is divided by d?
8
Suppose -q + 5*q + 85 = 5*v, 2*q = -2*v + 52. What is the remainder when v is divided by 8?
5
Suppose 14 + 0 = m. Suppose 3*d - 1 - m = 0. Suppose -5*j = 20, d*j = -6*s + s + 35. Calculate the remainder when 32 is divided by s.
10
What is the remainder when 56 is divided by 1218/63 + (-2)/6?
18
Let l = 12 + -6. Let j(x) = 4*x + 8. Calculate the remainder when 94 is divided by j(l).
30
Suppose 0 = 27*u - 25*u - 12. Calculate the remainder when 35 is divided by u.
5
Let c = -17 + 21. Let q(o) = -2*o - 4. Let u be q(-3). Suppose c*l = -3*a + 53, 8 = u*l - 3*a - 5. What is the remainder when 31 is divided by l?
9
Let h(r) = 5*r + 6. Let a be h(7). Let c = -26 + a. What is the remainder when 57 is divided by c?
12
Let y(s) = 23*s**3 - 17*s**2 + 17*s - 6. Let n(q) = -4*q**3 + 3*q**2 - 3*q + 1. Let x(v) = -34*n(v) - 6*y(v). What is the remainder when x(-2) is divided by 10?
8
Let d = -1 - 2. Suppose 3*x - l = 26, -5*l + 73 - 3 = 5*x. What is the remainder when x is divided by (-6)/(9/d) - -2?
2
Calculate the remainder when 3 + (211 - -1)/2 is divided by 37.
35
Let m be 3*(222/9)/2. Suppose 5*f - 127 + m = 0. Calculate the remainder when f is divided by (10/3)/(1/3).
8
Let i be 6/(-21) + (-32)/(-14). Suppose -3*l + 7 = -i. What is the remainder when 25 is divided by 2/l*(19 - -2)?
11
Suppose 0 = 2*b + 5*c - 45, c - 141 = -5*b - 2*c. Suppose 8 - b = -2*m. Calculate the remainder when m is divided by (2/3)/((-4)/(-18)).
2
Let i(a) = -44*a**3 + 2*a + 1. Let l(q) = 16*q**2 + 2*q + 1. Calculate the remainder when i(-1) is divided by l(-1).
13
Suppose -2*u - 48 = -6*u. Suppose -6*a + 2*a + 92 = 2*i, 0 = -4*i + 2*a + 184. Calculate the remainder when i is divided by u.
10
Suppose -5*k + 4*s = 3*s - 70, -5*k = 3*s - 50. What is the remainder when 61 is divided by k?
9
Suppose 5*h = o + 19 + 57, h - 19 = 4*o. What is the remainder when 42 is divided by h?
12
Calculate the remainder when 62 is divided by ((-26)/8)/(5/(-20)).
10
Let g be (-4)/(-4)*0/1. Suppose 24 = 3*c - 2*l - g*l, c = 3*l + 15. Calculate the remainder when 17 is divided by c.
5
Let c = 3 + -7. Let p be c/12 - 2/(-6). Suppose 3*j = -p*j + 51. Calculate the remainder when 50 is divided by j.
16
Let h = 151 + -39. Let j = h + -62. Let a(b) = -5*b - 12. Calculate the remainder when j is divided by a(-5).
11
Let s = -26 + 43. Suppose -5 = -0*j - j. Suppose 6*f = -j*m + f + 270, -3*f = 2*m - 113. What is the remainder when m is divided by s?
15
Suppose 2*x + 2*z = -0*x + 36, 5*x = -2*z + 99. Suppose -2*g + 5*g - x = 0. Calculate the remainder when 27 is divided by g.
6
Let d(j) = -j**3 + 6*j**2 + 2. Let k be d(6). Suppose -k*u + 76 = -0*u. Let q = 43 + -30. Calculate the remainder when u is divided by q.
12
Suppose -38 = 4*u - 2*u - 5*j, 5*u = -3*j - 157. Let h = u - -65. Calculate the remainder when h is divided by 13.
10
Let j(g) = -20*g - 5. What is the remainder when j(-4) is divided by 39?
36
Calculate the remainder when 18 is divided by 8/(-12) - (-32)/3.
8
Let y = 27 - 182. What is the remainder when 49 is divided by y/(-9) - (-6)/(-27)?
15
Suppose 8*d = 2*d + 378. Calculate the remainder when d is divided by 16.
15
Calculate the remainder when 25 is divided by (1 + 3)*(-35)/(-10).
11
Suppose -3*o + 63 = -0*o. Suppose 5*h - 29 = -2*x, -x - 3*h = -5*x + 45. What is the remainder when o is divided by x?
9
Let h = -5 + 9. Calculate the remainder when 15 is divided by h.
3
Suppose -1 = -3*o + 14. Suppose -o*u + 2 = -5*d - 68, 4*u = 2*d + 54. Calculate the remainder when u is divided by 5.
3
Let h = -30 - -50. Let z = 4 - -7. What is the remainder when h is divided by z?
9
Let n(b) be the first derivative of -8*b**2 - 6*b + 1. Let g(d) = -1. Let o(r) = 5*g(r) - n(r). What is the remainder when o(1) is divided by 9?
8
Let n = 22 + -6. Let q = 11 - 9. Suppose 145 = 3*o + q*o. What is the remainder when o is divided by n?
13
Let v(i) = -3*i - 5. Let t be v(-5). Suppose -4 = 3*h - t. Suppose 30 - 1 = p + h*c, 5*p = -3*c + 152. Calculate the remainder when p is divided by 11.
9
Let q(d) = 2*d. Let x be q(-6). Suppose -2*g = -3 - 5. What is the remainder when (x/9)/(g/(-6)) is divided by 2?
0
Suppose 2*o - 6*o + 212 = 0. Calculate the remainder when o is divided by 10 - -10 - (1 - -1).
17
Suppose -2*c + 7*c = 140. What is the remainder when 110 is divided by c?
26
Let i be (5/(-2))/(1/4). What is the remainder when -1 + (2 - 0) + 42 is divided by i/1*12/(-8)?
13
Suppose 35 = m - 5*w - 28, 2*w = -2*m + 90. Calculate the remainder when m is divided by 7.
6
Suppose 6*k + 10 - 304 = 0. Suppose 7*g - 2*g = 125. Calculate the remainder when k is divided by g.
24
Suppose -w + 0